ase 9, what is 3250 - 1000?
2250
In base 10, what is -103118 - 4?
-103122
In base 11, what is -59a2 - 144?
-6036
In base 11, what is 2114 - -14?
2128
In base 7, what is -3 + 1110332?
1110326
In base 15, what is -3 + 17bae?
17bab
In base 15, what is -ca9 - 0?
-ca9
In base 6, what is 10135 + -1001?
5134
In base 15, what is -4 + 15dc?
15d8
In base 14, what is -34b - -4d?
-2dc
In base 7, what is 36353 - 23?
36330
In base 4, what is -1012101 + -1131?
-1013232
In base 13, what is -2 - 1131c?
-11321
In base 2, what is -1100010111100 - -11101?
-1100010011111
In base 2, what is -1 - -11001110001000?
11001110000111
In base 3, what is 211020112 + -10?
211020102
In base 13, what is -20 - 542?
-562
In base 9, what is -20 + -805?
-825
In base 5, what is 321022143 - 2?
321022141
In base 2, what is 11 + -10110010001101?
-10110010001010
In base 16, what is -30c0 + 246?
-2e7a
In base 6, what is -1 + 341230?
341225
In base 13, what is -681 - 1a?
-69b
In base 16, what is 84 + -1f9?
-175
In base 2, what is 1011001 + -10100010?
-1001001
In base 6, what is 1444052 - 2?
1444050
In base 14, what is -14a0c - -a?
-14a02
In base 11, what is -1a17663 + -1?
-1a17664
In base 15, what is -b + -3e1?
-3ec
In base 8, what is 42 - -667?
731
In base 4, what is 3 - -30301312?
30301321
In base 4, what is -322203 + -11201?
-1000010
In base 12, what is -649 + 288?
-381
In base 12, what is 149b9 + a?
14a07
In base 6, what is 55 - 3114?
-3015
In base 4, what is -2311 - -20123132?
20120221
In base 15, what is 475 - -21?
496
In base 7, what is -113333 - 2?
-113335
In base 6, what is 140050 - 33?
140013
In base 10, what is -95 - 17775?
-17870
In base 11, what is 159a0 + 36?
15a26
In base 11, what is 8607 + -1?
8606
In base 15, what is 1 + 53c3?
53c4
In base 9, what is -330 - -850?
520
In base 13, what is 0 - -28a4?
28a4
In base 11, what is -4 - 1435?
-1439
In base 15, what is -142ea9 + -4?
-142ead
In base 16, what is 1cd - ed?
e0
In base 3, what is 0 + 2100102222?
2100102222
In base 13, what is -2 - 1394a6?
-1394a8
In base 11, what is -a6 - -239?
143
In base 12, what is -1513 + -10?
-1523
In base 12, what is 323b34 + 0?
323b34
In base 10, what is -751 - 86?
-837
In base 5, what is 1 - 2320310?
-2320304
In base 14, what is -2 + 817?
815
In base 5, what is 1 + -242332?
-242331
In base 14, what is 437b - 6?
4375
In base 9, what is 1672 - 4005?
-2223
In base 12, what is -4 - -a4b96?
a4b92
In base 4, what is 3333121 + -12?
3333103
In base 15, what is 1163 - 2c?
1136
In base 3, what is -1010110211 + 11?
-1010110200
In base 2, what is 100110100011111 - -111?
100110100100110
In base 3, what is 2202010 - 11001?
2121002
In base 10, what is 43232 - 4?
43228
In base 12, what is -137a24 + -2?
-137a26
In base 13, what is 21ab + -3?
21a8
In base 2, what is 0 + 110111110100010?
110111110100010
In base 5, what is -1201324 - -4?
-1201320
In base 11, what is -a - -157688?
157679
In base 7, what is 2163 + -1514?
346
In base 7, what is -6 + 111432?
111423
In base 13, what is -1642 + -19?
-165b
In base 11, what is -5631 + -150?
-5781
In base 15, what is 6bd3 - 4?
6bce
In base 13, what is -2 + -366a?
-366c
In base 16, what is -b + 122f?
1224
In base 13, what is -4 - -689c?
6898
In base 9, what is 1271 - 1108?
162
In base 3, what is 20111100111 - -22?
20111100210
In base 4, what is -2 - -230231321?
230231313
In base 9, what is -7 - -642?
634
In base 4, what is -113120 - -11?
-113103
In base 12, what is -61b71 + -4?
-61b75
In base 16, what is -2 - -3c83?
3c81
In base 8, what is 3 - 11017?
-11014
In base 13, what is 5 + -1a0?
-198
In base 15, what is 17 + -1ceb8?
-1cea1
In base 4, what is -12110 - -332101?
313331
In base 8, what is 443 + -576?
-133
In base 11, what is -753 + 9?
-745
In base 12, what is 1939 - 285?
1674
In base 12, what is -56 - 41a?
-474
In base 8, what is -77605 + 3?
-77602
In base 8, what is -236 - -2647?
2411
In base 9, what is 770 - 11?
758
In base 8, what is -1173376 + -4?
-1173402
In base 5, what is -30430 + 40?
-30340
In base 8, what is -101662 - -2?
-101660
In base 8, what is 201063 - 3?
201060
In base 9, what is 4313 - 38?
4264
In base 11, what is -73 - -212a1?
21229
In base 5, what is -2103434 + 10?
-2103424
In base 7, what is -2 - 24652?
-24654
In base 2, what is -11010000 - -111110?
-10010010
In base 11, what is -84081 - 3?
-84084
In base 6, what is 2 - -1124241?
1124243
In base 9, what is 752 - 260?
482
In base 16, what is 4 - -2576?
257a
In base 8, what is -12 + 1276266?
1276254
In base 7, what is -26036 - -46?
-25660
In base 16, what is -46 + 381f?
37d9
In base 13, what is -870 - 131?
-9a1
In base 14, what is -898 - -1a?
-87c
In base 12, what is 758 + bb?
857
In base 3, what is -2120 - 102021?
-111211
In base 9, what is -4 - 167635?
-167640
In base 14, what is 6 + 190d7?
190dd
In base 15, what is -152 - -24c?
ea
In base 5, what is 11242004 - -12?
11242021
In base 5, what is 1223 + -1332?
-104
In base 9, what is -133243 + 4?
-133238
In base 14, what is 174 + 31?
1a5
In base 5, what is 10224 + 24004?
34233
In base 16, what is -7df4 - 1?
-7df5
In base 7, what is 2021 - 14?
2004
In base 7, what is 1106 + -10?
1066
In base 14, what is 711 - -5a?
76b
In base 11, what is -1078 - -36?
-1042
In base 10, what is 58 + 8285?
8343
In base 11, what is -9745 - 90?
-9825
In base 9, what is -17341 - -60?
-17271
In base 10, what is 774 + 407?
1181
In base 7, what is 22022 + -345?
21344
In base 13, what is 3 + 2302?
2305
In base 7, what is -23044 + -61?
-23135
In base 5, what is -3 + -2014431?
-2014434
In base 15, what is 2 + 80a?
80c
In base 16, what is -38d + -58?
-3e5
In base 5, what is -1 + -404032?
-404033
In base 7, what is -1652 + -413?
-2365
In base 16, what is 5c - 145?
-e9
In base 7, what is 4464 + 1000?
5464
In base 12, what is -11948 - 6?
-11952
In base 12, what is -11a159 - 3?
-11a160
In base 14, what is -23 + 986b?
9848
In base 5, what is 14 + 3002?
3021
In base 10, what is -10085 - 6?
-10091
In base 7, what is -60 - 2422?
-2512
In base 10, what is -5 - -27462?
27457
In base 14, what is -4b5 - 203?
-6b8
In base 5, what is 12 + 2243131?
2243143
In base 6, what is 10 + -205332?
-205322
In base 7, what is -1 + 206545?
206544
In base 3, what is 12121 + -111?
12010
In base 11, what is 661a0 + 5?
661a5
In base 12, what is 34 + -27?
9
In base 2, what is -111111 + -10000001111?
-10001001110
In base 4, what is -3021130311 + 2?
-3021130303
In base 5, what is 20 + -1231423?
-1231403
In base 6, what is -4 + -211045?
-211053
In base 16, what is -35494 - -7?
-3548d
In base 9, what is 0 - 1222288?
-1222288
In base 7, what is 520 + -162?
325
In base 4, what is 113023323 - -3?
113023332
In base 7, what is -45165 - -6?
-45156
In base 6, what is -32120532 + -5?
-32120541
In base 7, what is 2466451 + 0?
2466451
In base 11, what is 197482 + -3?
19747a
In base 16, what is -475 + -20?
-495
In base 10, what is 1 - -20872?
20873
In base 13, what is 21 + 2993?
29b4
In base 11, what is 12 - -1372?
1384
In base 15, what is 3400 - -9?
3409
In base 11, what is 1 - 57439?
-57438
In base 7, what is 1015 + -156?
526
In base 8, what is 4 - -1211235?
1211241
In base 6, what is -11 + 155331?
155320
In base 9, what is -2212 + -4?
-2216
In base 2, what is -101101101 - -1001?
-101100100
In base 5, what is 203 - -10343?
11101
In base 6, what is -32251 + 1055?
-31152
In base 8, what is 2 + 3241542?
3241544
In base 8, what is 2 + -160472?
-160470
In base 7, what is 3402 + -232?
3140
In base 15, what is -4114 + -1a?
-412e
In base 4, what is 1 - 1130110?
-1130103
In base 6, what is 13030 - 44?
12542
In base 8, what is -51401 - 100?
-51501
In base 8, what is 74775 - -1?
74776
In base 6, what is -224443 - -3?
-224440
In base 13, what is -1 + -32c21?
-32c22
In base 3, what is 2012101222 - -12?
2012102011
In base 13, what is -c4500 - 4?
-c4504
In base 7, what is -4 - 31200?
-31204
In base 6, what is 242 - 1552?
-1310
In base 10, what is -126 + -1990?
-2116
In base 8, what is 4036 - 13?
4023
In base 13, what is -613c0 + -4?
-613c4
In base 11, what is 26a - -105?
374
In base 7, what is 2123 + -351?
1442
In base 4, what is -22222 + 200123?
111301
In base 10, what is 267848 + 7?
267855
In base 7, what is -3452613 - -4?
-3452606
In base 3, what is -210 - 10221?
-11201
In base 9, what is -27045 - -2?
-27043
In base 16, what is 1 + 176e